{"id":27,"date":"2026-03-15T23:23:58","date_gmt":"2026-03-15T23:23:58","guid":{"rendered":"https:\/\/www.francaisdugrandsudmarocain.com\/?page_id=27"},"modified":"2026-03-22T20:34:01","modified_gmt":"2026-03-22T19:34:01","slug":"la-liste","status":"publish","type":"page","link":"https:\/\/www.francaisdugrandsudmarocain.com\/index.php\/la-liste\/","title":{"rendered":"La liste"},"content":{"rendered":"\n<p>Chers Fran\u00e7ais du GRAND SUD MAROCAIN,<\/p>\n\n\n\n<p>Nous sommes heureux de vous pr\u00e9senter la liste pour laquelle nous vous invitons \u00e0 voter lors de l\u2019\u00e9lection des Conseillers des Fran\u00e7ais de l\u2019Etranger le 31 mai ou par internet du 22 au 27 mai.<\/p>\n\n\n\n<p>Tout d\u2019abord et c\u2019est le point le plus important, c\u2019est une <strong><u>liste libre et ind\u00e9pendante<\/u><\/strong>&nbsp;; elle n\u2019est affili\u00e9e \u00e0 aucun parti politique, ni m\u00eame \u00e0 aucune association, et son seul but est de d\u00e9fendre vos int\u00e9r\u00eats aussi bien au niveau local qu\u2019au niveau national.<\/p>\n\n\n\n<p>Elle se situe <strong><u>dans la lign\u00e9e instaur\u00e9e par Jean-Claude Rozier, Catherine Tribouart et Nadia Fehmi<\/u><\/strong>, qui ont fait un excellent travail pendant plus de 10 ans.<\/p>\n\n\n\n<p>Nous avons cherch\u00e9 \u00e0 avoir une diversit\u00e9 de g\u00e9n\u00e9ration, d\u2019exp\u00e9rience professionnelle et d\u2019implantation g\u00e9ographique afin que tous les Fran\u00e7ais du <strong><u>GRAND SUD MAROCAIN<\/u><\/strong>, d\u2019Agadir \u00e0 Taroudant et \u00e0 Dakhla se sentent repr\u00e9sent\u00e9s et puissent faire appel \u00e0 nous le cas \u00e9ch\u00e9ant.<\/p>\n\n\n\n<p>Enfin nous ne voulons plus de tergiversations sur l\u2019appartenance du <strong><u>Sahara Occidental<\/u><\/strong> au Royaume du Maroc. Nous le disons clairement&nbsp;: tous nos concitoyens Fran\u00e7ais mono-nationaux ou Fran\u00e7ais bi-nationaux de La\u00e2youne ou Dakhla font partie int\u00e9grante du GRAND SUD MAROCAIN&nbsp;et doivent \u00eatre repr\u00e9sent\u00e9s au m\u00eame titre que ceux de Taroudant, Guelmin ou Agadir.<\/p>\n\n\n\n<div class=\"wp-block-group is-layout-constrained wp-block-group-is-layout-constrained\">\n<div class=\"wp-block-columns is-layout-flex wp-container-core-columns-is-layout-2709eace wp-block-columns-is-layout-flex\">\n<div class=\"wp-block-column has-border-color has-background is-layout-flow wp-block-column-is-layout-flow\" style=\"border-color:#0000001f;border-style:solid;border-width:2px;border-radius:20px;background-color:#fafafa;padding-top:30px;padding-right:30px;padding-bottom:30px;padding-left:30px\">\n<div class=\"wp-block-group is-content-justification-center is-nowrap is-layout-flex wp-container-core-group-is-layout-faecc223 wp-block-group-is-layout-flex\" style=\"margin-bottom:50px\">\n<figure class=\"wp-block-image size-full is-resized has-custom-border\"><img loading=\"lazy\" decoding=\"async\" width=\"505\" height=\"474\" src=\"https:\/\/www.francaisdugrandsudmarocain.com\/wp-content\/uploads\/2026\/03\/Claude-FONTENOY-1.jpg\" alt=\"\" class=\"wp-image-94\" style=\"border-top-left-radius:100%;border-top-right-radius:100%;border-bottom-left-radius:100%;border-bottom-right-radius:100%;aspect-ratio:1;object-fit:cover;width:150px\" srcset=\"https:\/\/www.francaisdugrandsudmarocain.com\/wp-content\/uploads\/2026\/03\/Claude-FONTENOY-1.jpg 505w, https:\/\/www.francaisdugrandsudmarocain.com\/wp-content\/uploads\/2026\/03\/Claude-FONTENOY-1-300x282.jpg 300w\" sizes=\"auto, (max-width: 505px) 100vw, 505px\" \/><\/figure>\n<\/div>\n\n\n\n<h2 class=\"wp-block-heading has-text-align-center has-black-color has-text-color has-link-color has-medium-font-size wp-elements-d29aceab28094be5d67c7ef6ffadb4ff\" style=\"margin-top:0px\">Claude FONTENOY<\/h2>\n\n\n\n<p class=\"has-text-align-center has-text-color has-link-color wp-elements-ba636e1114be0cbca93b54ac75b7b7e7\" style=\"color:#000000a8;margin-bottom:30px\">73 ans, ancien Directeur de Zone Export Afrique et Moyen Orient, actuellement Secr\u00e9taire G\u00e9n\u00e9ral de l\u2019Union des Fran\u00e7ais de l\u2019Etranger (UFE) <strong><u>AGADIR.<\/u><\/strong><\/p>\n<\/div>\n\n\n\n<div class=\"wp-block-column has-border-color has-background is-layout-flow wp-block-column-is-layout-flow\" style=\"border-color:#0000001f;border-style:solid;border-width:2px;border-radius:20px;background-color:#fafafa;padding-top:30px;padding-right:30px;padding-bottom:30px;padding-left:30px\">\n<div class=\"wp-block-group is-content-justification-center is-nowrap is-layout-flex wp-container-core-group-is-layout-faecc223 wp-block-group-is-layout-flex\" style=\"margin-bottom:50px\">\n<figure class=\"wp-block-image size-full is-resized has-custom-border\"><img loading=\"lazy\" decoding=\"async\" width=\"505\" height=\"475\" src=\"https:\/\/www.francaisdugrandsudmarocain.com\/wp-content\/uploads\/2026\/03\/Nathalie-SIMONI-1.jpg\" alt=\"\" class=\"wp-image-98\" style=\"border-radius:100%;aspect-ratio:1;object-fit:cover;width:150px\" srcset=\"https:\/\/www.francaisdugrandsudmarocain.com\/wp-content\/uploads\/2026\/03\/Nathalie-SIMONI-1.jpg 505w, https:\/\/www.francaisdugrandsudmarocain.com\/wp-content\/uploads\/2026\/03\/Nathalie-SIMONI-1-300x282.jpg 300w\" sizes=\"auto, (max-width: 505px) 100vw, 505px\" \/><\/figure>\n<\/div>\n\n\n\n<h2 class=\"wp-block-heading has-text-align-center has-black-color has-text-color has-link-color has-medium-font-size wp-elements-423cdace985212967694a0353cc83b67\" style=\"margin-top:0px\">Nathalie SIMONI \u00e9p. PAYRE<\/h2>\n\n\n\n<p class=\"has-text-align-center has-text-color has-link-color wp-elements-b970e6e69c6565216292f9fdf09f671c\" style=\"color:#000000a8;margin-bottom:30px\">57 ans, ancienne Directrice Commerciale, actuellement Responsable de la Biblioth\u00e8que Pour Tous et des jeudis de Vera Cruz \u00e0 <strong><u>AGADIR.<\/u><\/strong><\/p>\n<\/div>\n\n\n\n<div class=\"wp-block-column has-border-color has-background is-layout-flow wp-block-column-is-layout-flow\" style=\"border-color:#0000001f;border-style:solid;border-width:2px;border-radius:20px;background-color:#fafafa;padding-top:30px;padding-right:30px;padding-bottom:30px;padding-left:30px\">\n<div class=\"wp-block-group is-content-justification-center is-nowrap is-layout-flex wp-container-core-group-is-layout-faecc223 wp-block-group-is-layout-flex\" style=\"margin-bottom:50px\">\n<figure class=\"wp-block-image size-full is-resized has-custom-border\" style=\"margin-right:0;margin-left:0\"><img loading=\"lazy\" decoding=\"async\" width=\"504\" height=\"553\" src=\"https:\/\/www.francaisdugrandsudmarocain.com\/wp-content\/uploads\/2026\/03\/Marc-REVERCHON-1.jpg\" alt=\"\" class=\"wp-image-95\" style=\"border-radius:100%;aspect-ratio:1;object-fit:cover;width:150px\" srcset=\"https:\/\/www.francaisdugrandsudmarocain.com\/wp-content\/uploads\/2026\/03\/Marc-REVERCHON-1.jpg 504w, https:\/\/www.francaisdugrandsudmarocain.com\/wp-content\/uploads\/2026\/03\/Marc-REVERCHON-1-273x300.jpg 273w\" sizes=\"auto, (max-width: 504px) 100vw, 504px\" \/><\/figure>\n<\/div>\n\n\n\n<h2 class=\"wp-block-heading has-text-align-center has-black-color has-text-color has-link-color has-medium-font-size wp-elements-bf69c13a824b60d08f0aaf71db8f7668\" style=\"margin-top:0px\">Marc REVERCHON<\/h2>\n\n\n\n<p class=\"has-text-align-center has-text-color has-link-color wp-elements-ad588232b3d4b940ab9353928cb38aa3\" style=\"color:#000000a8;margin-bottom:30px\">67 ans, ancien Directeur Du Service D\u00e9partement d\u2019Incendie et de Secours d\u2019Indre et Loire, actuellement R\u00e9f\u00e9rent S\u00e9curit\u00e9 de l\u2019Union des Fran\u00e7ais de l\u2019Etranger (UFE) <strong><u>AGADIR<\/u><\/strong>.<\/p>\n<\/div>\n<\/div>\n\n\n\n<div class=\"wp-block-columns is-layout-flex wp-container-core-columns-is-layout-2709eace wp-block-columns-is-layout-flex\">\n<div class=\"wp-block-column has-border-color has-background is-layout-flow wp-block-column-is-layout-flow\" style=\"border-color:#0000001f;border-style:solid;border-width:2px;border-radius:20px;background-color:#fafafa;padding-top:30px;padding-right:30px;padding-bottom:30px;padding-left:30px\">\n<div class=\"wp-block-group is-content-justification-center is-nowrap is-layout-flex wp-container-core-group-is-layout-faecc223 wp-block-group-is-layout-flex\" style=\"margin-bottom:50px\">\n<figure class=\"wp-block-image size-full is-resized has-custom-border\"><img loading=\"lazy\" decoding=\"async\" width=\"505\" height=\"505\" src=\"https:\/\/www.francaisdugrandsudmarocain.com\/wp-content\/uploads\/2026\/03\/Meriem-BOUHAMIDI-ALAOUI-1-edited.jpg\" alt=\"\" class=\"wp-image-100\" style=\"border-top-left-radius:100%;border-top-right-radius:100%;border-bottom-left-radius:100%;border-bottom-right-radius:100%;aspect-ratio:1;object-fit:cover;width:150px\" srcset=\"https:\/\/www.francaisdugrandsudmarocain.com\/wp-content\/uploads\/2026\/03\/Meriem-BOUHAMIDI-ALAOUI-1-edited.jpg 505w, https:\/\/www.francaisdugrandsudmarocain.com\/wp-content\/uploads\/2026\/03\/Meriem-BOUHAMIDI-ALAOUI-1-edited-300x300.jpg 300w, https:\/\/www.francaisdugrandsudmarocain.com\/wp-content\/uploads\/2026\/03\/Meriem-BOUHAMIDI-ALAOUI-1-edited-150x150.jpg 150w\" sizes=\"auto, (max-width: 505px) 100vw, 505px\" \/><\/figure>\n<\/div>\n\n\n\n<h2 class=\"wp-block-heading has-text-align-center has-black-color has-text-color has-link-color has-medium-font-size wp-elements-970b00e2269e167dcd9f99f95d2ed77d\" style=\"margin-top:0px\">Meriem BOUHAMIDI ALAOUI \u00e9p. TAHIRI ALAOUI<\/h2>\n\n\n\n<p class=\"has-text-align-center has-text-color has-link-color wp-elements-cdb85a8013c6e4d352c55d6cadb9ffbf\" style=\"color:#000000a8;margin-bottom:30px\">51 ans, ancienne Directrice Administrative et Financi\u00e8re d\u2019un centre de recherche \u00e0 Oxford (Angleterre), actuellement G\u00e9rante d\u2019une agence immobili\u00e8re \u00e0 <strong><u>AGADIR.<\/u><\/strong><\/p>\n<\/div>\n\n\n\n<div class=\"wp-block-column has-border-color has-background is-layout-flow wp-block-column-is-layout-flow\" style=\"border-color:#0000001f;border-style:solid;border-width:2px;border-radius:20px;background-color:#fafafa;padding-top:30px;padding-right:30px;padding-bottom:30px;padding-left:30px\">\n<div class=\"wp-block-group is-content-justification-center is-nowrap is-layout-flex wp-container-core-group-is-layout-faecc223 wp-block-group-is-layout-flex\" style=\"margin-bottom:50px\">\n<figure class=\"wp-block-image size-full is-resized has-custom-border\"><img loading=\"lazy\" decoding=\"async\" width=\"506\" height=\"479\" src=\"https:\/\/www.francaisdugrandsudmarocain.com\/wp-content\/uploads\/2026\/03\/Mohamed-Ghali-KHTOUR-1.jpg\" alt=\"\" class=\"wp-image-97\" style=\"border-radius:100%;width:150px\" srcset=\"https:\/\/www.francaisdugrandsudmarocain.com\/wp-content\/uploads\/2026\/03\/Mohamed-Ghali-KHTOUR-1.jpg 506w, https:\/\/www.francaisdugrandsudmarocain.com\/wp-content\/uploads\/2026\/03\/Mohamed-Ghali-KHTOUR-1-300x284.jpg 300w\" sizes=\"auto, (max-width: 506px) 100vw, 506px\" \/><\/figure>\n<\/div>\n\n\n\n<h2 class=\"wp-block-heading has-text-align-center has-black-color has-text-color has-link-color has-medium-font-size wp-elements-3b1ad624f6a242cf98de2bca8e308404\" style=\"margin-top:0px\">Mohamed Ghali KHTOUR<\/h2>\n\n\n\n<p class=\"has-text-align-center has-text-color has-link-color wp-elements-a57b466eebabf69a374ac52f58151356\" style=\"color:#000000a8;margin-bottom:30px\">36 ans, moniteur de surf et de kitesurf, dans le top-10 des meilleurs kitesurfeurs mondiaux, directeur d\u2019h\u00f4tel \u00e0 <strong><u>DAKHLA.<\/u><\/strong><\/p>\n<\/div>\n\n\n\n<div class=\"wp-block-column has-border-color has-background is-layout-flow wp-block-column-is-layout-flow\" style=\"border-color:#0000001f;border-style:solid;border-width:2px;border-radius:20px;background-color:#fafafa;padding-top:30px;padding-right:30px;padding-bottom:30px;padding-left:30px\">\n<div class=\"wp-block-group is-content-justification-center is-nowrap is-layout-flex wp-container-core-group-is-layout-faecc223 wp-block-group-is-layout-flex\" style=\"margin-bottom:50px\">\n<figure class=\"wp-block-image size-full is-resized has-custom-border\"><img loading=\"lazy\" decoding=\"async\" width=\"504\" height=\"475\" src=\"https:\/\/www.francaisdugrandsudmarocain.com\/wp-content\/uploads\/2026\/03\/Vivianne-DELIGEY.jpg\" alt=\"\" class=\"wp-image-99\" style=\"border-radius:100%;width:150px\" srcset=\"https:\/\/www.francaisdugrandsudmarocain.com\/wp-content\/uploads\/2026\/03\/Vivianne-DELIGEY.jpg 504w, https:\/\/www.francaisdugrandsudmarocain.com\/wp-content\/uploads\/2026\/03\/Vivianne-DELIGEY-300x283.jpg 300w\" sizes=\"auto, (max-width: 504px) 100vw, 504px\" \/><\/figure>\n<\/div>\n\n\n\n<h2 class=\"wp-block-heading has-text-align-center has-black-color has-text-color has-link-color has-medium-font-size wp-elements-41b7c5194d44a3b3c66bfd5c239b9a54\" style=\"margin-top:0px\">Vivianne DELIGEY \u00e9p. REGULIER\u00a0<\/h2>\n\n\n\n<p class=\"has-text-align-center has-text-color has-link-color wp-elements-ff629a6e4ed738067e3b6a74cc815deb\" style=\"color:#000000a8;margin-bottom:30px\">67 ans, ex cavali\u00e8re professionnelle, ex traiteur. <strong><u>TAROUDANT.<\/u><\/strong><\/p>\n<\/div>\n<\/div>\n<\/div>\n\n\n\n<p><\/p>\n","protected":false},"excerpt":{"rendered":"<p>Chers Fran\u00e7ais du GRAND SUD MAROCAIN, Nous sommes heureux de vous pr\u00e9senter la liste pour laquelle nous vous invitons \u00e0 voter lors de l\u2019\u00e9lection des Conseillers des Fran\u00e7ais de l\u2019Etranger le 31 mai ou par internet du 22 au 27 mai. Tout d\u2019abord et c\u2019est le point le plus important, c\u2019est une liste libre et [&hellip;]<\/p>\n","protected":false},"author":1,"featured_media":0,"parent":0,"menu_order":0,"comment_status":"closed","ping_status":"closed","template":"","meta":{"footnotes":""},"class_list":["post-27","page","type-page","status-publish","hentry"],"blocksy_meta":[],"_links":{"self":[{"href":"https:\/\/www.francaisdugrandsudmarocain.com\/index.php\/wp-json\/wp\/v2\/pages\/27","targetHints":{"allow":["GET"]}}],"collection":[{"href":"https:\/\/www.francaisdugrandsudmarocain.com\/index.php\/wp-json\/wp\/v2\/pages"}],"about":[{"href":"https:\/\/www.francaisdugrandsudmarocain.com\/index.php\/wp-json\/wp\/v2\/types\/page"}],"author":[{"embeddable":true,"href":"https:\/\/www.francaisdugrandsudmarocain.com\/index.php\/wp-json\/wp\/v2\/users\/1"}],"replies":[{"embeddable":true,"href":"https:\/\/www.francaisdugrandsudmarocain.com\/index.php\/wp-json\/wp\/v2\/comments?post=27"}],"version-history":[{"count":4,"href":"https:\/\/www.francaisdugrandsudmarocain.com\/index.php\/wp-json\/wp\/v2\/pages\/27\/revisions"}],"predecessor-version":[{"id":101,"href":"https:\/\/www.francaisdugrandsudmarocain.com\/index.php\/wp-json\/wp\/v2\/pages\/27\/revisions\/101"}],"wp:attachment":[{"href":"https:\/\/www.francaisdugrandsudmarocain.com\/index.php\/wp-json\/wp\/v2\/media?parent=27"}],"curies":[{"name":"wp","href":"https:\/\/api.w.org\/{rel}","templated":true}]}}